rivative of -7*n**4/2 - n**2 + n + 3. Let o be z(1). Let j = o + 28. List the prime factors of j.
13
Let l = 228 + -199. List the prime factors of l.
29
Let j = 575 - 161. List the prime factors of j.
2, 3, 23
Let g = 15 - 36. Let r = 38 + g. What are the prime factors of r?
17
Suppose -8*d + 2682 = 10*d. List the prime factors of d.
149
Let v = 18 - 17. Suppose 0*m - 3*m + 24 = 0. Let f = v + m. What are the prime factors of f?
3
Suppose 0 = 2*h - 2*t - 3*t + 1, t = 3*h - 18. What are the prime factors of h?
7
Let y = -7 + 10. Suppose 0*v + 45 = -y*v. List the prime factors of (-192)/v - (-3)/15.
13
Let d(m) = m**2 - 3*m - 12. What are the prime factors of d(-6)?
2, 3, 7
Let c(p) = -1 + 14*p**3 + p + 0*p + 0*p**2 + p**2. Let k be c(1). Suppose 0 = 5*i - k, -b + i - 36 = -4*b. List the prime factors of b.
11
Let i(k) = -2*k - 10. Let o be i(-8). Suppose 4*l + 3 = 4*f - 1, 0 = -2*f + o. What are the prime factors of l?
2
Let v(h) = 4*h**3 + 13*h**2 + 2*h + 12. Let u(d) = 7*d**3 + 25*d**2 + 3*d + 23. Let i(c) = 3*u(c) - 5*v(c). What are the prime factors of i(-10)?
19
Suppose -3*q - 134 = -8*q + 4*r, r - 64 = -2*q. What are the prime factors of q?
2, 3, 5
Let l(x) = -x**3 + 5*x**2 - 3*x + 3. Let k be l(2). Suppose 17 - k = a. List the prime factors of a.
2
Let u(h) = -12*h + 8. What are the prime factors of u(-3)?
2, 11
Let w be (8/(-6))/(7/(-42)). What are the prime factors of w/36 + (-102)/(-27)?
2
List the prime factors of 3/(3/(-1))*-41.
41
Let z = 22 - 8. Let x = z + -8. Suppose -d + x*d = 30. What are the prime factors of d?
2, 3
Let a(u) = -5*u + 1. What are the prime factors of a(-5)?
2, 13
What are the prime factors of (896/(-21))/(3/(-9))?
2
Let d = 18 - 1. Suppose 0 = -2*i + 4*i + 10. Let f = d + i. List the prime factors of f.
2, 3
Let l be (-158 - 1)/(24/32). Let z be (-1*2)/(8/l). Let b = z - 32. What are the prime factors of b?
3, 7
Let x = -27 - -24. Let o = x - -12. What are the prime factors of o?
3
Suppose u + 12 = 5*u. Suppose 0 = w - u*w + 6. What are the prime factors of w?
3
List the prime factors of (-21)/2*(-20)/15.
2, 7
Suppose 16 = 3*v - 7*v. Let z be (-1 - (2 + -4)) + -3. List the prime factors of z/8 + (-49)/v.
2, 3
Let z = 2 - 0. Suppose -z*i - 3*i = -20. Suppose 2*b - 4 = s, -i*s - b + 12 = -2*s. What are the prime factors of s?
2
Suppose 0 = -3*p - 6, 5 = y + 2*p - 3*p. Suppose y*t = -5*w - 4 - 101, 2*w + 63 = 3*t. Let v = w + 44. List the prime factors of v.
2, 5
Let z(r) = -r**3 - 8*r**2 - 2*r - 8. What are the prime factors of z(-8)?
2
Let a(m) = -m**2 + 3*m - 2. Let c be a(3). What are the prime factors of (c/2)/((-1)/2)?
2
Let t = -11 - -49. Let u = t - 25. List the prime factors of u.
13
Let w(n) = n**2 + 6*n + 7. Let o be w(-5). Suppose o*p + 8 = 64. What are the prime factors of p?
2, 7
Let p(s) = 4*s - s**2 + 2*s**2 - 3*s + 0*s + 2. List the prime factors of p(3).
2, 7
Let a(t) = t + 6. Let c be a(-5). Let x = c - 0. Suppose -q + 8 = x. What are the prime factors of q?
7
Let j(b) = -4*b - 11. Let f(g) = -g. Let t(s) = -6*f(s) + j(s). List the prime factors of t(12).
13
Let a = 20 + 26. Suppose 0 = 3*y - a + 19. Let f = y - 2. What are the prime factors of f?
7
Let i = 257 - 143. List the prime factors of i.
2, 3, 19
Let w = -15 - -31. List the prime factors of w.
2
Let y = 8 + -4. Suppose 3*d - y*m - 22 = 53, 3*d = m + 84. What are the prime factors of d?
29
Let y(w) = w**3 - 4*w**2 - 5*w. Let o = 9 + -4. Let n be y(o). Suppose n = -0*j - 2*j + 32. What are the prime factors of j?
2
Let i be -15 - -13 - 60/(-2). Suppose -m = -i - 3. What are the prime factors of m?
31
Suppose i + 200 = 5*i. Suppose 4*v = 3*l + 69, -4*v + 5*l + 17 = -i. Let z = v + -11. List the prime factors of z.
7
Let g(p) = -4*p - 2. Let n be g(-2). Let k be (-12)/((4/4)/(4/(-8))). Let b = n + k. List the prime factors of b.
2, 3
Suppose 5*b = 172 + 278. What are the prime factors of b?
2, 3, 5
Let v be 101/9 + (-6)/27. Let j(o) = -o**2 + 14*o - 12. What are the prime factors of j(v)?
3, 7
Let b(c) be the third derivative of c**6/120 + c**5/12 - 7*c**4/24 - 7*c**3/6 + 3*c**2. Let h be b(-6). List the prime factors of h + 4 + 2 - -2.
7
Let j(t) = 6*t**2 - 3*t + 2. List the prime factors of j(3).
47
Let k = -45 + 88. List the prime factors of k.
43
Let i be ((-2)/5)/(2/(-50)). Let q be (-10)/(-25) + 16/i. Suppose -5*n + 38 = -q. List the prime factors of n.
2
Let n(p) = 3*p + 9. What are the prime factors of n(5)?
2, 3
Let t(j) = -4*j + 3. Let x be t(3). What are the prime factors of 1*x/(-2)*2?
3
What are the prime factors of 10/30 + 53/3?
2, 3
Let b be 1 + 4/((-8)/(-6)). Suppose -4*n + b*q = 2*q - 110, -3*n + q = -82. List the prime factors of n.
3
Let o(i) = i**2 + i + 21. Let v = 3 + -3. List the prime factors of o(v).
3, 7
Let n be (-3 + 1 - 0)/(-1). Suppose -3 = o - n*o. Suppose 0 = -o*m + 36 - 9. List the prime factors of m.
3
Let d(y) = y**3 + 3*y**2 - y + 5. Let l be d(-4). Let m = -10 - l. What are the prime factors of (3/2)/(m/(-8))?
2
Suppose 2*m - l = -0*m + 19, -11 = -m + l. Suppose -4*j + m = -16. What are the prime factors of j?
2, 3
Let b = -58 + 110. What are the prime factors of b?
2, 13
Let y = -8 - 4. Suppose 20 = -4*p + 116. Let s = y + p. List the prime factors of s.
2, 3
Let f = 14 - 19. Let u(j) = j**3 + 5*j**2 - j + 1. List the prime factors of u(f).
2, 3
Let m(x) = 3*x - 1. Let d(f) = f**2 - 4*f - 3. Let n be d(5). Let p be m(n). Suppose 0 = -o + p - 0. List the prime factors of o.
5
Let w = -53 + 83. What are the prime factors of w?
2, 3, 5
Let s(z) = -z + 8. Let q be -6*(16/(-6) + 2). What are the prime factors of s(q)?
2
Suppose 0 + 10 = -5*r. Let j = r - -6. Suppose o + 0*o + 8 = 5*b, -o + b + j = 0. What are the prime factors of o?
7
Suppose 6*m - 7*m = 0. Suppose m = 3*v + v - 56. List the prime factors of v.
2, 7
Suppose 4*j - 42 = 3*i, 9 = 2*j + 2*i - 5. Let m = j + -16. List the prime factors of (-41)/(-7) + (-1)/m.
2, 3
Let q be (-26)/(-8) + (-10)/40. Suppose -5*t + 5*w + 95 = -0*w, -5*t + 89 = -q*w. What are the prime factors of t?
2
Let d = 10 - 5. Let t(w) = 3*w**2 - 4*w - w + 4*w**2 - w**3 + d. What are the prime factors of t(6)?
11
Let o = 82 - 52. List the prime factors of o.
2, 3, 5
Suppose -2 = 2*y - 10. Suppose -29 = -5*q - y, q - 5 = 5*a. Suppose a = m - 1, 4 = 5*l - 5*m - 36. List the prime factors of l.
3
Suppose -5*u - 5 = -10*u. Suppose 4*m - 2 = -3*p + 19, 4*m = 2*p + 46. Let y = m + u. What are the prime factors of y?
2, 5
Suppose 4*v - 2*i - 11 = 3*v, 5*i + 22 = -3*v. Let h = v - 1. Suppose -5*j + 15 = 0, h = -5*f + 3*j + 27 + 44. List the prime factors of f.
2
Let s(l) be the third derivative of -l**2 - 7/60*l**5 + 0*l + l**3 + 0 + 1/120*l**6 + 1/3*l**4. What are the prime factors of s(6)?
2, 3
Suppose -4*u = -6*u - 4. Let w(r) = -4*r**3 - 4*r**2 - 2*r. Let x be w(u). Let c = x - 8. List the prime factors of c.
2, 3
Let g = 10 + -6. What are the prime factors of g?
2
Let y = -7 - -12. Let d(k) = k + 3. Let j be d(y). Suppose -4*r + 3*r + j = 0. List the prime factors of r.
2
Let v(j) = j**3 + 11*j**2 - 2*j + 5. Let x(t) = -12*t**3 + 2*t**2 - 1. Let q be x(1). List the prime factors of v(q).
3
Let x = 6 + -2. Suppose -x*s + 257 = -f, 4*s - 2*s - 124 = 2*f. Suppose 2*i - 7*i = -4*q - s, i = 5*q + 34. List the prime factors of i.
3
Suppose 12*z = 15*z - 261. List the prime factors of z.
3, 29
Let w(q) = q**2 - 1 - 11*q - 1 + 13*q. What are the prime factors of w(5)?
3, 11
List the prime factors of 2/(-7) + (-2317)/(-49).
47
Let q(w) be the second derivative of w**3/6 + 5*w**2/2 - w. Let k be q(-8). What are the prime factors of 6*(0 + k/(-9))?
2
Let k be (2/(-3))/(4/6). Let d = k + 3. Suppose 15 = 2*h + 3*h - d*i, -3*h - 3*i + 30 = 0. What are the prime factors of h?
5
Let b = -3 - 3. Let x = 4 - b. List the prime factors of x.
2, 5
Let w(o) = -o**2 + 2 + 0*o**2 - 6*o + 6. Let c be w(-6). Suppose -5*x - 5*t = -15, -c = -2*x + 3*t + 3. List the prime factors of x.
2
Suppose 3*q = -3*l - 21, 2*l - 2*q - 6 = q. List the prime factors of (-10*3)/l + 3.
13
What are the prime factors of (33 + -39)*106/(-4)?
3, 53
Let n(h) = -137*h**3 + 2*h + 1. What are the prime factors of n(-1)?
2, 17
Let x(z) = -50*z - 5. List the prime factors of x(-2).
5, 19
Let u(s) = -s**2 - 3*s + 4. Let r be u(-5